ond derivative of 0 + 2*p - 1/3*p**3 + 1/2*p**2. Determine n(h).
-3
Let q be (0 + -2 + 1)/1. Suppose 4*p = 3*d + 46, -4*p = d + 2*d - 34. Let x(f) = -4 - 1 + 2 + 4 - p*f**2. What is x(q)?
-9
Suppose 2*w = s + 2*s - 18, 0 = -w + 3*s - 12. Let v(f) = -f**3 - 6*f**2 + f. Determine v(w).
-6
Let h = -1 - -4. Let q(u) be the first derivative of 1/3*u**3 + 1 + h*u**2 + 3*u. Calculate q(-3).
-6
Let u(j) = 2*j - 4. Let h be u(3). Let m(z) = -4*z + z + h*z. Let o = -3 - 0. Calculate m(o).
3
Let x be 14/(-21) - 10/(-6). Suppose 3*q = 2*z + 7*q + 4, -5*z + q = -x. Let s(a) = -a + 6. Determine s(z).
6
Suppose 0*k - 4*k + 8 = -4*w, 0 = 3*w - 4*k + 6. Let n(h) = -18*h + 3*h**2 + 15*h - h**3 - 3*h**2 - 4*h**2. Give n(w).
-2
Let z(k) be the first derivative of k**3/3 + k**2/2 - 22. Calculate z(3).
12
Let x(o) = -3*o + 6. Let t(s) = -s**3 + s**2 - s - 1. Let v be t(-1). Let m = v + 2. What is x(m)?
-6
Let m(r) = r - 1. Let x be m(8). Suppose -4*f + d + x = 0, f - 4*d = -7*d + 5. Let i(l) = 5 + l**2 - f - 4*l + 2. What is i(4)?
5
Let c(k) = -2*k + 3*k - k**2 - 2*k. Let o = 20 - 23. Give c(o).
-6
Let w be (1 - 1)/(-3) + (-2 - -4). Let k(d) be the second derivative of -1/2*d**2 + 0 + 0*d**4 + 1/2*d**5 + w*d - 1/3*d**3. Determine k(-1).
-9
Let c(w) = 2 - 2*w + 0*w - 3*w - w**2. Let y = 3 + -7. Give c(y).
6
Let p = -3 + -4. Let c = -10 - p. Let z(i) be the first derivative of i**4/4 + 5*i**3/3 + 2*i**2 + 2*i + 10. Calculate z(c).
8
Let s(n) be the third derivative of -n**7/2520 - n**6/120 - n**5/20 + n**4/8 + 3*n**2. Let c(g) be the second derivative of s(g). What is c(-6)?
-6
Let i(a) = -3*a**3 - 18*a**2 - 23*a + 9. Let v(r) = r**3 + 6*r**2 + 8*r - 3. Let j(x) = -6*i(x) - 17*v(x). Give j(-6).
-15
Let i = -3 + 6. Let k be i + (-6 - -3)/3. Let o(u) = -u + 2*u + k*u - 7 - 4*u. Calculate o(0).
-7
Suppose 0 = z + 3 - 5. Let f(h) = 0 + h**2 + 5*h - z*h + 6. What is f(-4)?
10
Suppose 2 = -g + 3*g. Let c(o) = 3*o**3 - o**2 - o + 1. What is c(g)?
2
Let w = 27 - 19. Let u(v) = -v**3 + 7*v**2 + 7*v + 3. Give u(w).
-5
Let r = -1 + 3. Suppose 1 - 9 = -r*d. Let k(w) = 2*w + w + 2 + w**2 - d. Calculate k(-5).
8
Let p(y) = y + 3. Let m be p(4). Let i(l) = l - 1 + m - 2. Give i(-5).
-1
Let g(l) = 0*l + 3*l + l**2 - 2 + 1 + 5*l. Give g(-6).
-13
Let y = 4 + 1. Let f(o) = o**2 + 2*o + 2. Let a(t) = -2*t**2 - 3*t - 5. Let i(x) = y*f(x) + 2*a(x). Let z = -10 - -7. Calculate i(z).
-3
Suppose o - 1 = -3. Let t be o*3/6 + -3. Let c(l) = l**3 + 4*l**2 + l - 3. Give c(t).
-7
Let q(o) = o**2 - 6*o + 1. Let t = -103 - -106. Determine q(t).
-8
Let t(y) = -1 - 32*y - 32*y + 69*y. Calculate t(3).
14
Let v(x) be the first derivative of -x**3/3 - 5*x**2/2 - x - 9. Calculate v(-4).
3
Let p = 7 - 1. Let i(f) = 0 - p*f - 8 + 7 + 13*f. What is i(1)?
6
Let z(w) = w**3 - w**2 + 3*w + 2. Let a be z(0). Let v(r) = 5*r + 1. Give v(a).
11
Let m = -2 + -1. Let z(n) = 2*n + 2. Let j be z(m). Let u(g) be the first derivative of -g**4/4 - 4*g**3/3 - g**2/2 - 5*g - 2. Calculate u(j).
-1
Let o = 4 + -2. Let r(v) = -6*v**3 + 4*v**2 - v - 4. Let m(d) = -20*d**3 + 13*d**2 - 4*d - 13. Let l(y) = -2*m(y) + 7*r(y). What is l(o)?
-8
Let f(w) = w + 3*w - 5*w + 9. Suppose -3*h - 5*j - 7 = 0, 2*j + 52 = 5*h + 12. Give f(h).
3
Let f = -35 + 35. Let s(c) be the third derivative of 1/15*c**5 + f + 1/24*c**4 + 5/6*c**3 + 0*c + 3*c**2 + 1/120*c**6. Calculate s(-4).
1
Let d = 10 + -7. Let l(j) = 2*j - 4. Let q be l(d). Let a(b) = b. Let g(r) = -4*r + 1. Let o(u) = -3*a(u) - g(u). Determine o(q).
1
Let s(k) = -k - 10. Let r be s(-11). Let w(z) = -r - 5 + z**2 + 2 - 17*z + 19*z. Give w(3).
11
Let w be 1 - -1 - (6 + -6). Suppose -3*v - 4*c = -16, -2*v = w*v + 4*c - 20. Let s(h) = 2 + h - 3*h**2 - 5 + v*h**2. Calculate s(0).
-3
Let t(g) = g**3 - 4*g**2 + 2*g - 3. Let n be (-2)/4*6 + 0. Let y(f) = -f**2 - 3*f + 3. Let x be y(n). Let l(u) = u**2 - 2*u + 1. Let s be l(x). Calculate t(s).
5
Let q(z) = z**3 - 5*z**2 + 4*z + 2. Let f be q(4). Let p be (-4)/((0 - -1) + -2). Let a(t) = -5 + 3*t**f + 3*t - 1 - 2*t**3 + t**3 + p*t. Calculate a(4).
6
Let w(d) = -2*d - 8. Let a = -5 - 1. Give w(a).
4
Let j = -21 + 253/12. Let a(g) be the third derivative of -1/60*g**5 + 0*g - g**2 - 1/6*g**3 + 1/120*g**6 + 0 + j*g**4. Determine a(1).
1
Let a be (-1)/((-2)/((-2)/(-1))). Let w(f) be the third derivative of -f**6/24 + f**4/24 + 8*f**2. What is w(a)?
-4
Let b(a) = -a**2 - a + 1. Suppose 0 = -2*k - 8, -2*j - 3*k + 1 = 11. Calculate b(j).
-1
Let j(x) = 1 + x + 3*x - 2. Suppose n + 3*z = -3*n + 26, -5*n + 44 = -2*z. Let s be 5/(-2)*n/10. What is j(s)?
-9
Suppose 4*t + 2 + 18 = 0. Let q be (-6)/4*(-14 - -12). Let d(a) = q*a**3 + 0*a**3 + 5 - 2*a**3 + 4*a**2 - 5*a. Give d(t).
5
Let j(t) be the first derivative of t**4/4 + 4*t**3/3 - 7*t**2/2 - 5*t + 3. Suppose -2*i = -c + 7, 0 = -3*i + 2*c - 6 - 3. What is j(i)?
5
Let i be -9*(-3 + 32/12). Let j(y) = y**2 - 5*y + 3. Calculate j(i).
-3
Let r(x) = x + 1. Let s(o) = -o - 7. Let u(z) = 2*r(z) + s(z). Determine u(7).
2
Let o(j) be the first derivative of j**4/4 + 5*j**3/3 + j**2 + 4*j - 19. Calculate o(-5).
-6
Let k be 15/9*(-5 + 2). Let u(s) be the third derivative of s**5/60 + s**4/6 + s**3/6 - 2*s**2. Calculate u(k).
6
Let r(l) = l - 3. Let g(p) = 2*p - 6. Suppose -8 = -2*j + 5*z - 27, 0 = 3*j - z + 9. Let d(b) = j*g(b) + 5*r(b). Calculate d(-5).
-8
Let p be 9/(-7) + 4/14. Let n(i) be the second derivative of -i**5/4 - i**4/6 - i**3/6 - 2*i. Calculate n(p).
4
Let m = -145 + 147. Let w(j) = -2*j**3 + 2*j - 1. Give w(m).
-13
Let d(h) be the third derivative of -h**6/120 - h**5/12 - h**4/6 + h**3/3 + 4*h**2. Let r(w) = -w**2 + 3*w + 6. Let x be r(5). What is d(x)?
2
Let d(h) = 4*h + 9. Suppose -4*b = -3*q + 2, -3*q + 2*b - 6*b = 38. Determine d(q).
-15
Suppose 5*z - a + 28 = -0*z, 3*z = -5*a. Let j(n) = -n**2 - 5*n + 2. What is j(z)?
2
Let c(p) = -6*p**3 + 5*p**2 - 4*p - 8. Let x(y) = 7*y**3 - 5*y**2 + 5*y + 9. Let o(d) = 6*c(d) + 5*x(d). Let u(j) = 6*j**2 - 2*j + 1. Let r be u(1). Give o(r).
2
Let i(y) = y**3 + 8*y**2 + 3. Let l be i(-8). Suppose s + 5*n = l, -4*n = -s + 3*s. Let b(c) be the second derivative of -c**4/6 - c**3/6 + c. Determine b(s).
-6
Let r = 3 - 3. Let x = r - -3. Let c(y) = 2*y + 3 - 2 - x*y. Calculate c(0).
1
Let z(a) = -2*a - 11. Let c be z(-7). Let r(m) = -5*m + 5*m + 2*m + 3. Calculate r(c).
9
Let c(y) = 7*y**3 - 10*y**2 + 9*y - 8. Let u(i) = 20*i**3 - 29*i**2 + 26*i - 23. Let h(m) = 17*c(m) - 6*u(m). What is h(3)?
2
Let t(w) = w - 4. Let r(f) = f. Let i(m) = -2*r(m) + t(m). Calculate i(-4).
0
Let w = -16 - -13. Let f(v) be the second derivative of -v**3/2 + v**2 - 4*v. Give f(w).
11
Let u(a) be the second derivative of 3*a - 3/10*a**5 + 1/6*a**3 + 0 + 0*a**4 + 1/2*a**2. Give u(-1).
6
Let u be 1/(15/6 - 2). Let n(y) = -y - 2. Give n(u).
-4
Let v(i) = i**3 - 4*i - 1. Let l = 19 - 16. Give v(l).
14
Let i(t) = -2*t + 1 + 0*t + 0 + 0*t. Let b = 8 - 7. Calculate i(b).
-1
Let a(p) be the first derivative of -p**4/4 + p**3/3 - 2*p + 1. Let h = -10 - -14. Suppose h = 3*t - t. Give a(t).
-6
Let n(h) = -5*h - 3 - 6 + 3*h. Let j = -925 + 919. Determine n(j).
3
Let w be (-8)/1 + (2 - 1). Let l = w + 11. Let c(m) = 7*m**2 - 11*m - 1. Let t(b) = -b**2 + b + 1. Let f(q) = c(q) + 6*t(q). Give f(l).
1
Let f be (56/24)/((-2)/6). Let t(r) = r**2 + 7*r - 3. Determine t(f).
-3
Let f(w) = w + 1. Let p be f(2). Let j(z) = 4*z**3 + 19*z**2 - 2*z + 6. Let s(y) = -3*y**3 - 13*y**2 + y - 4. Let g(k) = 5*j(k) + 7*s(k). Determine g(p).
2
Suppose 0 = 3*r - 17 + 14. Let x(g) = -5*g - 1. Determine x(r).
-6
Let m(s) = -2*s + 9. Let b(w) = -2*w + 11. Let c(n) = 2*b(n) - 3*m(n). What is c(4)?
3
Let v(h) be the second derivative of h**5/20 + h**4/2 - h**3/6 - 2*h**2 - 6*h. Let a be v(-6). Let i(j) = j**3 - j**2 - 2*j - 1. Give i(a).
-1
Suppose 2*l - 3 = -7. Let q(s) = -3*s**2 - 1 + 0*s**2 + 6 + 4*s. Let t(d) = d**2 - d - 1. Let h(u) = l*t(u) - q(u). Give h(-2).
5
Let u(c) = 15*c**2 - 7*c + 3. Let y(r) = -7*r**2 + 3*r - 1. Let b(z) = -2*u(z) - 5*y(z). Suppose m + 3 + 0 = -4*n, 2 = -5*n - 3*m. Calculate b(n).
5
Let r(w) = -w - 2. Let a = -30 - -32. Calculate r(a).
-4
Let t = -39 + 40. Let h(x) = 4*x**2 + 2*x - 1. What is h(t)?
5
Let g(s) = 6*s**3 + 7*s**2 - 2*s + 1. Let w(v) = -7*v**3 - 8*v**2 + 2*v - 2. Let k(t) = -